se -4*t + 3659 = l, -2*t - 5*l + 1249 = -576. What are the prime factors of t?
3, 5, 61
Suppose -1 = -j + 4*r, -5*j - r - 2*r = -28. Suppose -p - j*k = -18 + 4, 2*p = -k + 10. List the prime factors of (p/14)/((-7)/(-49)).
2
Let p(n) = -33*n - 55. Let y(h) = 8*h + 14. Let v(t) = -2*p(t) - 9*y(t). What are the prime factors of v(-10)?
2, 11
Let z(s) be the second derivative of s**4/12 - 11*s**3/6 - 19*s**2/2 - 12*s. List the prime factors of z(13).
7
Let c(d) = -2*d**3 - 2*d**2 - 3*d - 3. Let k be c(-2). Let v = k - 16. Let u(r) = -r**3 - 5*r**2 - 4*r + 2. List the prime factors of u(v).
2, 11
Let k = 3 - 10. Let y(i) = -6*i - 4. Let s be y(k). Let b = s + -20. List the prime factors of b.
2, 3
Suppose 7*s - 8*s = -4*n + 4037, s - 4035 = -4*n. What are the prime factors of n?
1009
Suppose 4*l - 8 = o - 4, 5*o = -l - 62. Suppose -15 = -p - 0. What are the prime factors of p + (o/2)/2?
2, 3
Let m(j) = -j**3 + 15*j**2 - 15*j + 18. Let x be m(14). Suppose p + x*o = -3*p + 336, -3*p + 256 = 4*o. List the prime factors of p.
2, 5
Let f = 162 - -228. What are the prime factors of f?
2, 3, 5, 13
Let i be 3 - (-4)/(-4 - 0). Suppose -i*k = 2*z + 2*z - 12, -z - 3*k - 2 = 0. Suppose -f = -z*s - 55, 5*s - 115 = -2*f - 2*f. List the prime factors of f.
5, 7
Suppose -q - 3*q + 4 = 0. What are the prime factors of 0 + (0 - -2) - (q + -70)?
71
Let i(v) = 288*v + 226. What are the prime factors of i(2)?
2, 401
Let z(m) = 2*m**3 - m**2 + 7*m + 1. Let h(p) = -3*p**3 - 8*p - 1. Let v(q) = 3*h(q) + 4*z(q). Let g be v(-5). List the prime factors of 4/g*(11 - -1).
2
Let u be 2128/12 + ((-48)/9)/4. Let o = u - 94. List the prime factors of o.
2, 41
Let m = -387 - -861. List the prime factors of m.
2, 3, 79
Let m = 134 + -223. What are the prime factors of -2 - m - (-16)/(-8)?
5, 17
Suppose 10*v - 20999 + 2079 = 0. List the prime factors of v.
2, 11, 43
Suppose -5*k + 659 = v + 79, -2*v - 4*k = -1130. What are the prime factors of 12/(-15)*v/(-6)?
2, 37
Suppose 2*t - 5*t = -5*v + 12, 3*t - 12 = -3*v. Suppose 2*a = 3*o - 4 + 20, 4*a + v*o = -4. Suppose -a*z + 52 = -40. List the prime factors of z.
2, 23
Suppose 295 = 29*v - 24*v. Suppose -5*q = -36 - v. What are the prime factors of q?
19
Let a(q) = 14*q**2 + 29*q + 51. Let w(z) = 5*z**2 + 10*z + 17. Let m(f) = 4*a(f) - 11*w(f). List the prime factors of m(-8).
3, 11
Let f be (-6)/(-2) + 1 - (3 + -1). Suppose 44 + 2 = f*y. What are the prime factors of y?
23
Let r = -25 + 17. List the prime factors of r/12 + (-248)/(-12).
2, 5
Suppose 2*w - 4*y + 2 = 0, -w + 6*y - 2*y = 5. What are the prime factors of w?
3
What are the prime factors of 1476*14/(-63)*6/(-4)?
2, 3, 41
Suppose 4*r + z - 2312 = 0, 0 = 5*r + 12*z - 7*z - 2890. List the prime factors of r.
2, 17
Let i = 1561 + -273. List the prime factors of i.
2, 7, 23
Let j(q) = 3*q**3 - 9*q**2 + 8*q + 10. Let s be j(7). Suppose -582 = -6*c + s. List the prime factors of c.
2, 103
Let h(m) = -m**3 - 46*m**2 - 34*m - 42. What are the prime factors of h(-46)?
2, 761
Let j(x) = -13*x**3 - 5*x**2 - x + 4. What are the prime factors of j(-3)?
313
Let g(q) = 42*q**2 - 2*q - 2. Let j be g(-3). Let y = -554 + j. List the prime factors of y/(-10) - (-7)/(-35).
17
Suppose 30*c = 4304 + 616. List the prime factors of c.
2, 41
Suppose 81*w + 2030 = 86*w. What are the prime factors of w?
2, 7, 29
Let a be (-10)/65 + (-912)/(-13). Suppose 835 - a = 5*o. What are the prime factors of o?
3, 17
Let g(s) be the third derivative of s**6/120 - 3*s**5/10 + s**4/2 + 17*s**3/6 - 4*s**2. What are the prime factors of g(18)?
233
Let w(b) = b - 17. Let d be w(10). Let r = 56 - 91. Let f = d - r. What are the prime factors of f?
2, 7
Let s(x) = x**3 - 5*x**2 - 5*x - 1. Let t be s(6). List the prime factors of 1/t*6*30.
2, 3
Let y(z) = -z**2 + 14*z - 8. Let s be y(13). Suppose -s*u = u - 906. Suppose k = -4*k + 5, 2*d + 5*k - u = 0. List the prime factors of d.
73
Suppose -i - 5 = -2*i - 2*m, -2*i + 2*m - 8 = 0. Let k be 15*i/(4/(-16)). Suppose -n + 4*w = -50 + 8, -n + k = 2*w. List the prime factors of n.
2, 3
Suppose 3*f + 25 = 2*v - 0*v, 15 = -3*f. Let p(y) = -7 + 1 + v - 8*y. List the prime factors of p(-1).
7
Suppose m - i - 427 - 114 = 0, 0 = i - 3. What are the prime factors of m?
2, 17
Suppose 2*x + 2*x = -2*h + 218, 106 = 2*x + 4*h. Let q = x + -135. What are the prime factors of (-6 + 0)*q/30?
2
Let x = -17 + 34. Let v = x + 18. Suppose 0*u - 2*u - v = -b, 12 = -4*u. List the prime factors of b.
29
Suppose 2*c + 8 = -2*c - 3*t, 20 = -5*t. Let s(u) = 34*u**2 - 3 - 14*u**2 + 26*u**2 + 2. List the prime factors of s(c).
3, 5
Suppose -2*h + 16 = 2. Let k(n) = n**3 - 7*n**2 - 10*n + 4. Let c be k(h). Let r = c - -94. What are the prime factors of r?
2, 7
Let f(v) = -124*v - 50. What are the prime factors of f(-8)?
2, 3, 157
Suppose -5*w = -5*m - 65, -3*m + w = 3*w + 24. Let l = 0 - m. What are the prime factors of l?
2, 5
Suppose d - 3*w + 2*w = 2254, 0 = -2*d - w + 4496. List the prime factors of d.
2, 3, 5
Let h(j) = 56*j**2 - 24*j + 94. List the prime factors of h(4).
2, 3, 149
Suppose t + t = -20. What are the prime factors of (-125)/t + (-1)/2?
2, 3
Suppose 4143 + 10465 = 22*w. List the prime factors of w.
2, 83
Let i = -463 + 721. What are the prime factors of i?
2, 3, 43
Let g be (-4 + 1/(-1))*-1. Suppose 11 - 1 = -3*o + g*l, 15 = 4*o - l. Suppose 0 = 2*d + 3*h - 14 - 31, o*d - 2*h = 122. What are the prime factors of d?
2, 3
Let n = 3252 + -1780. What are the prime factors of n?
2, 23
Let d(n) = 37 + 34 - 78 - 6*n. What are the prime factors of d(-14)?
7, 11
Suppose 4*c - 12 = -0*u - u, 3*c - 2*u + 2 = 0. Suppose 0 = -c*g + 130 + 102. What are the prime factors of g?
2, 29
Let t(g) be the third derivative of g**6/120 - g**5/12 - g**4/12 - g**3/6 + g**2. Let l be t(-3). Let p = -48 - l. What are the prime factors of p?
19
Let o(l) = 4*l**3 - l**2 + 7*l + 3. Suppose -42 = -j - 39. List the prime factors of o(j).
3, 41
Let j(r) = r**2 + 4 + 7*r + 2 + 0*r**2. Suppose -y + 2*v - 3 = 6, 0 = v. What are the prime factors of j(y)?
2, 3
Let p = 2026 + -1678. What are the prime factors of p?
2, 3, 29
Suppose 42*r - 49*r + 1463 = 0. List the prime factors of r.
11, 19
Let t = 28 + -25. Suppose 0 = -4*l + t*l + 69. List the prime factors of l.
3, 23
Suppose 1813 + 6623 = 19*r. What are the prime factors of r?
2, 3, 37
Let a = -646 + 3437. What are the prime factors of a?
2791
Let w = -526 + 124. Let h = w - -586. List the prime factors of h.
2, 23
Let d = 10 - 9. Let p(l) = 79*l - 1. Let r be p(d). What are the prime factors of (-4)/(-26) + 1782/r?
23
Let f(b) = 4*b + 7. Let x(d) = d + 1. Let p(m) = f(m) - 6*x(m). Let r be p(6). Let s(h) = -h**2 - 12*h + 15. What are the prime factors of s(r)?
2, 13
Suppose 3*y = 4*f - 938, 12 = f - 4*y - 216. What are the prime factors of f?
2, 59
Let g be (22/6 - 4)*-9. Suppose -q - 277 = -b - 4*q, -g*b - q = -863. List the prime factors of b.
17
Suppose u + 7 - 1 = 0. Let h be -2*(-4)/((-16)/u). Suppose 4*r - 8 = 5*w + h, -5*w + 43 = 2*r. What are the prime factors of r?
3
Let u = 1088 - 632. List the prime factors of u.
2, 3, 19
Suppose -5*t + 100 + 80 = 0. List the prime factors of (-1)/(-6) - (-354)/t.
2, 5
Suppose 74 + 94 = 2*h. Let m be 4*3/9*h. Suppose -7*d + 3*d = -m. What are the prime factors of d?
2, 7
Let h(d) be the second derivative of -5*d + 5/12*d**4 + 0 - 1/2*d**3 - 1/20*d**5 - 1/2*d**2. What are the prime factors of h(4)?
3
Let s(w) = 6*w**2 + 3*w - 1. Suppose z - 4*z - 6 = 0. What are the prime factors of s(z)?
17
Suppose 2*q - 6*q + 17 = -v, -5*q + v = -21. Suppose -4*a = -0 - q. List the prime factors of a*(5 - 4) - -13.
2, 7
Let r(m) = 228*m + 170. List the prime factors of r(7).
2, 883
Let v be 224/20 - (-4)/(-20). What are the prime factors of 231/v - (-2)/2?
2, 11
Let q be ((-68)/(-8))/(-1)*-2. Let x = 18 - q. What are the prime factors of x - 2 - (-7 - 3)?
3
Let o be (-40)/(-6)*96/20. Suppose o = -r + 4*y + 170, -4*r + 612 = -y. List the prime factors of r.
2, 7, 11
Suppose -f - 4*c + 109 = -442, 4*f = 2*c + 2294. What are the prime factors of f?
571
Suppose -5*h + h - 72 = 0. Let c be (-24)/h - 2/(-3). Suppose 0 = 2*o - m - 16, c*m + 23 = 5*o - 16. What are the prime factors of o?
7
Let i = 5020 - 2883. List the prime factors of i.
2